-1). What is the tens digit of ((-35)/2 + -1)/(r/(-10))?
3
Let d(u) = -2*u - 12. Let z(h) = -2*h - 23. Let w(r) = 9*d(r) - 4*z(r). Let m be w(-2). What is the hundreds digit of ((-112)/6)/(m/(-30))?
1
What is the tens digit of ((-1309)/(-374))/(28/219608)?
5
Let s(o) = 58*o**2 + 300*o + 45. What is the units digit of s(-14)?
3
Suppose 44*i - 22*i = -54120. Let f = i - -4011. What is the units digit of f?
1
Let d(g) = g**3 + 12*g**2 - 5*g + 65. What is the hundreds digit of d(-10)?
3
Suppose -5*u - 4*z = -13781 - 105212, u - 4*z = 23789. What is the hundreds digit of u?
7
Let v(h) = 785*h**2 + 28*h - 89. What is the hundreds digit of v(3)?
0
Let m(q) = 12*q + 5. Let i be m(0). Suppose -1570 = -i*p + 2*j, -3*p + 314 = -2*p + 3*j. What is the tens digit of p?
1
Let g = 12 - 14. Suppose 53 = m + d, -3*m - 3*d = m - 210. What is the tens digit of (-20)/(-40) - (-1 + m/g)?
2
Suppose 6*d - 421 + 163 = 0. Let p(f) = f**2 - 25*f + 14. What is the units digit of p(d)?
8
Let a be 30*((-172)/(-8) + -3). Let y(d) = 91*d**2 - d + 1. Let i be y(1). Suppose 4*p + i = a. What is the units digit of p?
6
Suppose 5*j = -3*h - 8, -4*j - h - 2 = -3*j. What is the units digit of (0 - 134)*(-2 - j)?
4
Suppose 3*t - 2*h - 25 = 29, 5*h = -5*t + 65. What is the hundreds digit of 252*(10/t - 15/(-40))?
2
Suppose 12915 - 77803 = -5*l + 3*n, 38910 = 3*l + 2*n. What is the units digit of l?
4
Suppose -46*c + 61445 - 13375 = 0. What is the units digit of c?
5
Suppose -66 = -3*s - 4*t, -4*t + 6 = s - 8. Let o = -19 + s. Let v(u) = u**3 - 4*u**2 - 13*u + 14. What is the units digit of v(o)?
0
Suppose -9*z = -2*l - 189777, 2*z + 1140 - 43304 = -l. What is the hundreds digit of z?
0
Suppose 0 = 2*n + 63 - 131. Let o be 11/(-22)*(1 + -15). Suppose -m = -2*z - 55, -5*z + n = m + o. What is the units digit of m?
7
Suppose 0 = -a - 3*t + 4214, -a = t - 4*t - 4244. What is the tens digit of a?
2
Let s be (-1)/2 - ((-310)/4)/5. Suppose -4*a = -g - s, -5*a + 25 = g + 4*g. What is the units digit of (-630)/28*-1*a?
0
Let j(r) = -8*r**3 + 5*r**2 - 7*r + 16. Let u be j(3). What is the units digit of -3 + u/(20/(-5))?
1
Let i(r) = -r**3 - 6*r**2 - 2*r + 1. Let f be i(-6). Suppose 4*v - 4099 = -2*o + 2241, -2*o = -3*v + 4769. Suppose 560 = -f*k + v. What is the units digit of k?
9
Suppose -8*y - 14802 + 212858 = 0. What is the thousands digit of y?
4
Let h be (5 - (-90)/(-12))/((-1)/26). Let b be (6/(-6))/(1/h). Let j = b - -85. What is the tens digit of j?
2
Suppose h - 2 = -0*h, 4*u + h = 478. Let c = u + -125. Let q(g) = g**2 - 16*g - 47. What is the tens digit of q(c)?
8
Let n(x) = -9*x + 221. Let g be n(24). Suppose 2*f = -5*t + 1989, 0 = 2*f + 2*f - g*t - 3963. What is the hundreds digit of f?
9
Suppose -h = 4*h + v - 51, 2*h - 5*v - 42 = 0. Let i(w) = 8*w**2 - 32*w - 10. What is the hundreds digit of i(h)?
6
Let j(q) = -3872*q**3 + 4*q**2 + 13*q + 7. What is the tens digit of j(-1)?
7
Let v(l) = 23*l - 90. Let j be v(4). Suppose -j*b = 2*q - 446, -2*q + 4*b + 447 = 5*b. What is the units digit of q?
4
What is the units digit of 637 + 1 - 240/(-48)?
3
Let r be (-6)/45 - 771/(-45). Let c = r - 23. Let x(k) = 2*k**2 + 2*k - 5. What is the tens digit of x(c)?
5
Let c(w) = 31*w**2 - 2*w + 6. Let k(d) = 91*d**2 - 4*d + 18. Let b(r) = 7*c(r) - 2*k(r). What is the tens digit of b(-5)?
1
Suppose -14*n = 5*n + 1330. Let r = n - -1090. What is the thousands digit of r?
1
What is the units digit of -23 - (-41299 + 17 + -23)?
2
Suppose 3*h = 3, -26*y + 30*y - 2*h = 26. Suppose -y*w = -4*c - 4*w + 441, -5*w + 201 = 2*c. What is the hundreds digit of c?
1
Let b(x) = -36*x + 9. Let g(t) = 37*t - 9. Let n(j) = -3*b(j) - 4*g(j). Let q be n(2). Let k = 155 + q. What is the units digit of k?
4
Suppose -4*i - 1455 = -4*c + 649, -5*c - 3*i = -2646. What is the units digit of c?
8
Suppose 3*y = 6 + 9, -13 = i - 3*y. Suppose 293 = 48*c + 101. Suppose -i*k - 341 = -c*k + 3*o, k = -3*o + 184. What is the tens digit of k?
7
Let o(l) = -l**3 + 10*l**2 - 9*l + 6. Let q be o(9). Suppose 32 = 2*t + q*t. Suppose t = 3*m - 164. What is the tens digit of m?
5
What is the units digit of 8337 + 2 - 0*10/90?
9
Suppose -220*n + 216*n = -24. Suppose -n*d + 2*d = -j, 0 = -5*d + 5. Suppose j*u + 95 = 487. What is the units digit of u?
8
Let s(m) = -m**3 + 6*m**2 - 4*m + 6. Let w be s(5). Suppose 6*x + 1620 = w*x. Suppose u - 70 = 2*n, 5*u - 5*n = -8*n + x. What is the tens digit of u?
6
Suppose -5*k - 5281 = -2*v, -286*k + 283*k - 5271 = -2*v. What is the thousands digit of v?
2
Suppose 2*d - 1378 = 534. Suppose -7*i + d = -3*i + 4*f, 2*i = -5*f + 484. What is the units digit of (-4)/10 + i/5?
7
Let d(c) = 2*c + 2 + 4*c - 3 + c**2 - c**3. Suppose 5*w = 46*y - 42*y - 30, -4*w = -2*y + 24. What is the units digit of d(w)?
5
Suppose -428*u + 466*u - 849794 = 0. What is the ten thousands digit of u?
2
Let h(w) = 115*w**2 - 5*w + 28. What is the thousands digit of h(5)?
2
Suppose -t + 12768 = 3*j, -3*j - 67691 = -6*t + 8917. What is the units digit of t?
8
Let x(d) = -d**3 - 17*d**2 + 10*d + 14. Let y be x(-18). Let b(k) = k**2 + 5*k - 10. Let q be b(-8). What is the tens digit of y/q + 10/(-35)?
1
What is the hundreds digit of 145/580 - (-103606)/8?
9
Suppose -12*v = -4*v - 16. Let b(k) = -23 + 29 + 38 - v*k. What is the tens digit of b(0)?
4
Suppose -2*i + 9 + 433 = 0. Suppose 4*c - 5253 = -13*c. Let j = c - i. What is the tens digit of j?
8
Let k(s) = -630*s - 15286. What is the tens digit of k(-86)?
9
Suppose -5840 = -9*j - 7*j. Let r = -148 + j. What is the units digit of r?
7
Let v = 26 + -22. Suppose -4*g + v = -8. Suppose -g*m + 84 - 12 = 0. What is the units digit of m?
4
Suppose -10*l = -17*l + 84. Suppose -3*f + l = -0, -2*u - 3*f = -376. What is the tens digit of u?
8
Let v(o) = 6*o**3 - 5*o**2 + 8*o - 8. Let n(w) = w**2 - 6*w - 3. Let a be n(7). Let g be v(a). Let c = g + -221. What is the units digit of c?
7
Let o = -30954 + 38009. What is the tens digit of o?
5
Let o(z) = 86*z - 40. Let r(q) = -3 + 20*q + 9*q - 10. Let g(k) = -3*o(k) + 8*r(k). What is the tens digit of g(-4)?
2
Let y be 29/5 + (6 - (-87)/(-15)). What is the hundreds digit of -4*(y - 5)*-89?
3
Let h(q) = 4*q + 1. Let s be h(5). Let n = 21 - s. Suppose -t - 393 = -4*j - 4*t, -2*j + t + 189 = n. What is the units digit of j?
6
Let s be -83 - -10*(-10)/25. Let x = s - -95. What is the tens digit of x/56 - (-2223)/21?
0
Suppose -19095 - 20385 = -4*y - 2*b, 5*y = 2*b + 49350. What is the units digit of y?
0
Suppose 2*x + 7*y - 10*y + 2593 = 0, -4*x + 3*y - 5201 = 0. What is the units digit of 0 - (9 - (10 + -5)) - x?
0
Let b = 84188 + -59580. What is the thousands digit of b?
4
Let h = 57124 + -28958. What is the tens digit of h?
6
Let v = 3878 + 3901. What is the hundreds digit of v?
7
Suppose 10 - 8 = 2*v. Let f be (1 + -1 + v)/((-1)/(-2)). Suppose f*c = -c - 2*b + 178, -4*c + 2*b + 242 = 0. What is the tens digit of c?
6
Let z = 257 - 255. Suppose -2*t = z*g - 562, -14*g + 10*g = t - 290. What is the tens digit of t?
7
Let m = -3630 - -1837. Let w = -252 - m. What is the units digit of w?
1
Let h be 789/(-27) - (-8)/36. Let n(i) = 2*i**2 + 36*i + 58. What is the hundreds digit of n(h)?
6
Let s(l) = -109*l**3 + 3*l**2 + 7*l + 2. Let u be s(-2). Suppose 4*k = -5*j + u, 12*j - 13*j = 3*k - 170. What is the tens digit of j?
7
Let c = -3858 - -4706. What is the units digit of c?
8
Let h(z) = 11*z + 10. Let s(r) = 14*r + 4. Let t be s(-1). Let y be h(t). What is the tens digit of -1*((-12)/(-3) + (y - 3))?
9
Let y = 3801 - -42203. What is the tens digit of y?
0
Let u be (-60)/(-80) + (-10)/(-8). Suppose -2*s = u*d + 2*d - 40, -3*d + 5*s + 17 = 0. What is the units digit of d?
9
Let u(d) = d**3 - 2*d**2 + 3*d - 2. Let m be u(2). Suppose -11*l - 104 = -37*l. Suppose -5*w + 2*w + 618 = 4*p, -616 = -l*p - m*w. What is the units digit of p?
6
Let f = -9749 - -16844. What is the units digit of f?
5
Let o be (-1288)/(-207) - 4/18. Suppose -o*t + 2680 = 2*t. Suppose -8*g - t = -1183. What is the units digit of g?
6
Let d = 5998 + 10138. What is the ten thousands digit of d?
1
Let s be 4320 - (22/(-7) + 8/56). Suppose -s = -5*b - 0*z + 4*z, 0 = -b + z + 864. What is the units digit of b?
7
Suppose -106912 = -4*f - a, -2*f = -3*a - 57113 + 3657. What is the uni